{"id":403,"date":"2019-10-22T04:44:44","date_gmt":"2019-10-22T04:44:44","guid":{"rendered":"https:\/\/adoquinesycelosias.com\/?post_type=product&#038;p=403"},"modified":"2019-10-22T04:44:45","modified_gmt":"2019-10-22T04:44:45","slug":"celosia-mono","status":"publish","type":"product","link":"https:\/\/adoquinesycelosias.com\/index.php\/product\/celosia-mono\/","title":{"rendered":"CELOS\u00cdA MO\u00d1O"},"content":{"rendered":"","protected":false},"excerpt":{"rendered":"<h3>C\u00f3digo: 2420<\/h3>\n<p class=\"p1\"><span class=\"s1\">Medida: 25X25X9.5<\/span><\/p>\n<p>Piezas por Mt: 16<\/p>\n<p>Peso por Mt: 80<\/p>\n","protected":false},"featured_media":335,"template":"","meta":[],"product_brand":[],"product_cat":[16],"product_tag":[],"class_list":{"0":"post-403","1":"product","2":"type-product","3":"status-publish","4":"has-post-thumbnail","6":"product_cat-celosias","8":"first","9":"instock","10":"shipping-taxable","11":"product-type-simple"},"_links":{"self":[{"href":"https:\/\/adoquinesycelosias.com\/index.php\/wp-json\/wp\/v2\/product\/403","targetHints":{"allow":["GET"]}}],"collection":[{"href":"https:\/\/adoquinesycelosias.com\/index.php\/wp-json\/wp\/v2\/product"}],"about":[{"href":"https:\/\/adoquinesycelosias.com\/index.php\/wp-json\/wp\/v2\/types\/product"}],"wp:featuredmedia":[{"embeddable":true,"href":"https:\/\/adoquinesycelosias.com\/index.php\/wp-json\/wp\/v2\/media\/335"}],"wp:attachment":[{"href":"https:\/\/adoquinesycelosias.com\/index.php\/wp-json\/wp\/v2\/media?parent=403"}],"wp:term":[{"taxonomy":"product_brand","embeddable":true,"href":"https:\/\/adoquinesycelosias.com\/index.php\/wp-json\/wp\/v2\/product_brand?post=403"},{"taxonomy":"product_cat","embeddable":true,"href":"https:\/\/adoquinesycelosias.com\/index.php\/wp-json\/wp\/v2\/product_cat?post=403"},{"taxonomy":"product_tag","embeddable":true,"href":"https:\/\/adoquinesycelosias.com\/index.php\/wp-json\/wp\/v2\/product_tag?post=403"}],"curies":[{"name":"wp","href":"https:\/\/api.w.org\/{rel}","templated":true}]}}