{"id":99,"date":"2019-10-13T17:03:04","date_gmt":"2019-10-13T17:03:04","guid":{"rendered":"https:\/\/adoquinesycelosias.com\/?post_type=product&#038;p=99"},"modified":"2019-12-04T23:51:19","modified_gmt":"2019-12-04T23:51:19","slug":"celosia-mascara","status":"publish","type":"product","link":"https:\/\/adoquinesycelosias.com\/index.php\/product\/celosia-mascara\/","title":{"rendered":"CELOS\u00cdA M\u00c1SCARA"},"content":{"rendered":"","protected":false},"excerpt":{"rendered":"<h3>C\u00f3digo:\u00a0<span class=\"s1\">2410<\/span><\/h3>\n<p class=\"p1\"><span class=\"s1\">Medida: 20X20X2.5<\/span><\/p>\n<p>Piezas por Mt: 50<\/p>\n<p>Peso por Mt: 50<\/p>\n","protected":false},"featured_media":1024,"template":"","meta":[],"product_brand":[],"product_cat":[16],"product_tag":[21,25],"class_list":{"0":"post-99","1":"product","2":"type-product","3":"status-publish","4":"has-post-thumbnail","6":"product_cat-celosias","7":"product_tag-celosias","8":"product_tag-mascara","10":"first","11":"instock","12":"shipping-taxable","13":"product-type-simple"},"_links":{"self":[{"href":"https:\/\/adoquinesycelosias.com\/index.php\/wp-json\/wp\/v2\/product\/99","targetHints":{"allow":["GET"]}}],"collection":[{"href":"https:\/\/adoquinesycelosias.com\/index.php\/wp-json\/wp\/v2\/product"}],"about":[{"href":"https:\/\/adoquinesycelosias.com\/index.php\/wp-json\/wp\/v2\/types\/product"}],"wp:featuredmedia":[{"embeddable":true,"href":"https:\/\/adoquinesycelosias.com\/index.php\/wp-json\/wp\/v2\/media\/1024"}],"wp:attachment":[{"href":"https:\/\/adoquinesycelosias.com\/index.php\/wp-json\/wp\/v2\/media?parent=99"}],"wp:term":[{"taxonomy":"product_brand","embeddable":true,"href":"https:\/\/adoquinesycelosias.com\/index.php\/wp-json\/wp\/v2\/product_brand?post=99"},{"taxonomy":"product_cat","embeddable":true,"href":"https:\/\/adoquinesycelosias.com\/index.php\/wp-json\/wp\/v2\/product_cat?post=99"},{"taxonomy":"product_tag","embeddable":true,"href":"https:\/\/adoquinesycelosias.com\/index.php\/wp-json\/wp\/v2\/product_tag?post=99"}],"curies":[{"name":"wp","href":"https:\/\/api.w.org\/{rel}","templated":true}]}}